e remainder when 17316 is divided by 271?
243
Calculate the remainder when 2146 is divided by 1054.
38
Calculate the remainder when 36334 is divided by 156.
142
Calculate the remainder when 16803 is divided by 323.
7
What is the remainder when 6188 is divided by 62?
50
Calculate the remainder when 7346 is divided by 597.
182
Calculate the remainder when 376888 is divided by 517.
512
What is the remainder when 48945 is divided by 644?
1
What is the remainder when 14488 is divided by 322?
320
Calculate the remainder when 188513 is divided by 418.
413
Calculate the remainder when 19430 is divided by 7.
5
What is the remainder when 32314 is divided by 234?
22
What is the remainder when 19530 is divided by 1550?
930
Calculate the remainder when 1409 is divided by 20.
9
What is the remainder when 305576 is divided by 26?
24
Calculate the remainder when 173993 is divided by 2.
1
Calculate the remainder when 33495 is divided by 1015.
0
What is the remainder when 20498 is divided by 33?
5
What is the remainder when 16333 is divided by 111?
16
Calculate the remainder when 207923 is divided by 25.
23
Calculate the remainder when 151840 is divided by 4598.
106
Calculate the remainder when 79 is divided by 10.
9
Calculate the remainder when 915 is divided by 453.
9
Calculate the remainder when 311090 is divided by 336.
290
Calculate the remainder when 167 is divided by 65.
37
What is the remainder when 8125 is divided by 887?
142
Calculate the remainder when 16860 is divided by 42.
18
What is the remainder when 641196 is divided by 213719?
39
Calculate the remainder when 431 is divided by 390.
41
What is the remainder when 14918 is divided by 137?
122
Calculate the remainder when 86262 is divided by 253.
242
Calculate the remainder when 23474 is divided by 213.
44
What is the remainder when 614 is divided by 143?
42
Calculate the remainder when 68072 is divided by 119.
4
What is the remainder when 1499 is divided by 161?
50
What is the remainder when 2578 is divided by 2508?
70
What is the remainder when 4951 is divided by 1033?
819
Calculate the remainder when 710556 is divided by 160.
156
Calculate the remainder when 350 is divided by 1.
0
Calculate the remainder when 560 is divided by 480.
80
What is the remainder when 13285 is divided by 13273?
12
What is the remainder when 585022 is divided by 192?
190
Calculate the remainder when 1949566 is divided by 8.
6
What is the remainder when 47496 is divided by 127?
125
What is the remainder when 1698466 is divided by 206?
202
What is the remainder when 8953 is divided by 2509?
1426
Calculate the remainder when 3455 is divided by 1692.
71
Calculate the remainder when 3159598 is divided by 75.
73
What is the remainder when 10855 is divided by 5424?
7
Calculate the remainder when 189304 is divided by 2629.
16
Calculate the remainder when 3961 is divided by 205.
66
What is the remainder when 21485 is divided by 148?
25
What is the remainder when 2003 is divided by 222?
5
Calculate the remainder when 5730 is divided by 104.
10
Calculate the remainder when 2489 is divided by 1379.
1110
Calculate the remainder when 212276 is divided by 189.
29
Calculate the remainder when 29039 is divided by 1037.
3
What is the remainder when 1425 is divided by 286?
281
What is the remainder when 5536 is divided by 807?
694
Calculate the remainder when 38955 is divided by 38925.
30
What is the remainder when 60556 is divided by 287?
286
Calculate the remainder when 3950 is divided by 1525.
900
Calculate the remainder when 931438 is divided by 614.
0
What is the remainder when 11468 is divided by 6?
2
Calculate the remainder when 26947 is divided by 245.
242
Calculate the remainder when 131620 is divided by 131605.
15
What is the remainder when 78956 is divided by 470?
466
Calculate the remainder when 242255 is divided by 196.
195
Calculate the remainder when 86584 is divided by 84.
64
Calculate the remainder when 8889 is divided by 35.
34
What is the remainder when 28893 is divided by 460?
373
What is the remainder when 51998 is divided by 1154?
68
What is the remainder when 39784 is divided by 28?
24
What is the remainder when 24494 is divided by 371?
8
What is the remainder when 34759 is divided by 451?
32
Calculate the remainder when 195074 is divided by 765.
764
What is the remainder when 18175 is divided by 82?
53
What is the remainder when 9338 is divided by 46?
0
What is the remainder when 1647 is divided by 137?
3
What is the remainder when 182317 is divided by 715?
707
What is the remainder when 154758 is divided by 223?
219
What is the remainder when 468271 is divided by 148?
147
Calculate the remainder when 792 is divided by 35.
22
What is the remainder when 4655 is divided by 2311?
33
Calculate the remainder when 57133 is divided by 336.
13
Calculate the remainder when 14048 is divided by 101.
9
What is the remainder when 86191 is divided by 4?
3
What is the remainder when 293596 is divided by 42?
16
What is the remainder when 119281 is divided by 3508?
9
What is the remainder when 3443304 is divided by 97?
95
Calculate the remainder when 54057 is divided by 84.
45
Calculate the remainder when 1355 is divided by 1074.
281
What is the remainder when 1091011 is divided by 108?
103
Calculate the remainder when 20010 is divided by 31.
15
Calculate the remainder when 1382 is divided by 1060.
322
Calculate the remainder when 42324 is divided by 112.
100
Calculate the remainder when 1029 is divided by 184.
109
What is the remainder when 32282 is divided by 97?
78
What is the remainder when 763965 is divided by 69?
66
Calculate the remainder when 7515 is divided by 236.
199
Calculate the remainder when 706013 is divided by 31.
19
Calculate the remainder when 78153 is divided by 15625.
28
Calculate the remainder when 115072 is divided by 60.
52
What is the remainder when 96438 is divided by 114?
108
Calculate the remainder when 39710 is divided by 294.
20
Calculate the remainder when 11215 is divided by 162.
37
Calculate the remainder when 30617 is divided by 162.
161
Calculate the remainder when 1337950 is divided by 16.
14
What is the remainder when 35489 is divided by 91?
90
Calculate the remainder when 176287 is divided by 56.
55
Calculate the remainder when 142551 is divided by 142549.
2
What is the remainder when 39150 is divided by 614?
468
Calculate the remainder when 8045 is divided by 31.
16
What is the remainder when 176207 is divided by 390?
317
Calculate the remainder when 18398 is divided by 312.
302
What is the remainder when 49300 is divided by 81?
52
What is the remainder when 117486 is divided by 112?
110
Calculate the remainder when 170624 is divided by 65.
64
What is the remainder when 140307 is divided by 167?
27
What is the remainder when 58008 is divided by 249?
240
Calculate the remainder when 7292 is divided by 457.
437
What is the remainder when 15369 is divided by 35?
4
Calculate the remainder when 60781 is divided by 131.
128
What is the remainder when 839011 is divided by 148?
147
What is the remainder when 987 is divided by 331?
325
What is the remainder when 25082 is divided by 492?
482
Calculate the remainder when 13353 is divided by 31.
23
Calculate the remainder when 6627 is divided by 221.
218
Calculate the remainder when 3922 is divided by 1233.
223
Calculate the remainder when 16755 is divided by 145.
80
What is the remainder when 35059 is divided by 1668?
31
Calculate the remainder when 10373 is divided by 648.
5
Calculate the remainder when 2617 is divided by 187.
186
Calculate the remainder when 2727529 is divided by 26.
25
Calculate the remainder when 129437 is divided by 846.
845
What is the remainder when 341 is divided by 27?
17
Calculate the remainder when 12156 is divided by 370.
316
What is the remainder when 26943 is divided by 10?
3
Calculate the remainder when 202238 is divided by 79.
77
What is the remainder when 186610 is divided by 117?
112
Calculate the remainder when 10426 is divided by 180.
166
What is the remainder when 129677 is divided by 20?
17
Calculate the remainder when 5019 is divided by 10.
9
Calculate the remainder when 6118 is divided by 6115.
3
What is the remainder when 81021 is divided by 25?
21
What is the remainder when 3031 is divided by 106?
63
What i